{"id":822,"date":"2021-07-13T11:48:14","date_gmt":"2021-07-13T11:48:14","guid":{"rendered":"https:\/\/idecesos.com\/seguros\/?page_id=822"},"modified":"2022-01-03T12:31:46","modified_gmt":"2022-01-03T12:31:46","slug":"hacienda","status":"publish","type":"page","link":"https:\/\/idecesos.com\/seguros\/companias\/santa-lucia\/hacienda\/","title":{"rendered":"Seguro de Decesos Santa Lucia: Hacienda"},"content":{"rendered":"\r\n<p>Los seguros de decesos incluyen coberturas relacionadas con las gestiones, tr\u00e1mites administrativos, pago de tributos, y situaciones producidas por el fallecimiento de una persona. Principalmente, estos seguros incluyen el cargo como el servicio funerario o la gesti\u00f3n y tramitaci\u00f3n de documentos por parte de un profesional, que son las prestaciones b\u00e1sicas que incluye un seguro de este tipo.<\/p>\r\n\r\n\r\n\r\n<p>Con los seguros de decesos santaluc\u00eda no solo obtendr\u00e1s las prestaciones de un cl\u00e1sico seguro sino que puedes adquirir diferentes garant\u00edas y coberturas opcionales, pensando tambi\u00e9n en un servicio de asistencia familiar.<\/p>\r\n\r\n\r\n\r\n<p>Una de las dudas que encontramos en los seguros de decesos es con respecto al tratamiento de la declaraci\u00f3n de la renta.<\/p>\r\n\r\n\r\n\r\n<p>Debemos destacar que dichos seguros de decesos no desgravan, aunque s\u00ed es cierto que existen algunos seguros que se pueden a\u00f1adir en el momento de realizar la declaraci\u00f3n ya que suponen una desgravaci\u00f3n. Con esto nos referimos aquellos seguros vinculados a los pr\u00e9stamos hipotecarios que se destinan en alg\u00fan caso, por ejemplo, a comprar una vivienda, como existen los seguros de vida.<\/p>\r\n\r\n\r\n\r\n<p>Los seguros de decesos se califican como seguros personales, ya que no se pueden computar como gasto para reducir el impuesto de sociedades, de tal forma que cuya contrataci\u00f3n no otorga beneficios al estado.<\/p>\r\n\r\n\r\n\r\n<p>Con estas aclaraciones, podr\u00e1n ahorrarse un dinero si indica su propio asesor fiscal que incluya su seguro de vida en la declaraci\u00f3n de la renta. Seg\u00fan algunos estudios encontrados, cabe la posibilidad de obtener una ventaja fiscal de hasta 60 euros mediante esta medida.<\/p>\r\n\r\n\r\n\r\n<p>Como una de las ventajas que encontramos dentro de la contrataci\u00f3n, es que no es necesario contratar a trav\u00e9s de la entidad financiera en la que tenga suscrito el pr\u00e9stamo, y as\u00ed tendr\u00e1 mayor libertad a la hora de buscar un seguro de decesos.<\/p>\r\n\r\n\r\n\r\n<p>Uno de los casos m\u00e1s frecuentes que hacen que tener un seguro de decesos pueda llegar a desgravar lo podemos explicar en el siguiente ejemplo; si el comparador tuviese derecho a deducci\u00f3n por la adquisici\u00f3n de un inmueble y esta p\u00f3liza hubiese sido obligada por la Entidad Bancaria para proporcionarle la hipoteca. De esta forma, el desembolso, que se realiza de forma anual, si que podr\u00eda asociarse al de resto de pagos realizados con el objetivo de practicar la deducci\u00f3n por adquisici\u00f3n de viviendas, de lo contrario esta p\u00f3liza no presentar\u00e1 ning\u00fan tipo de desgravaci\u00f3n.<\/p>\r\n\r\n\r\n\r\n<p>Otro factor importante, es que no todas las hipotecas son v\u00e1lidas para este tipo de caso, s\u00f3lo son v\u00e1lidas aquellas que se hayan realizado antes de que finalice el a\u00f1o 2012. Es a partir de Enero de 2013 cuando finaliz\u00f3 la desgravaci\u00f3n por adquisici\u00f3n de seguro de vida. As\u00ed, si la hipoteca fue contratada antes del 2013 podr\u00eda desgravarse hasta unos nueve mil euros como m\u00e1ximo.<\/p>\r\n\r\n\r\n\r\n<p>Otras p\u00f3lizas si podr\u00edan desgravar a la hora de realizar la declaraci\u00f3n de la renta, como ser\u00eda el caso de los seguros de vida. En estos casos la desgravaci\u00f3n variar\u00e1 en funci\u00f3n de si el tomador y el beneficiario fuesen la misma persona. Si se produce esto, el seguro abonar\u00e1 una cantidad cuando se alcance cierta edad, de lo contrario, se tributa en el impuesto de sucesiones y donaciones.<\/p>\r\n\r\n\r\n\r\n<p>Pero sin preocuparnos demasiado, es muy frecuente este tipo de dudas entre los usuarios, por ello la mayor\u00eda de las compa\u00f1\u00edas aseguradoras ponen a disposici\u00f3n de los clientes un tel\u00e9fono 24 horas de asistencia destinado a resolver todas aquellas dudas que suponga la contrataci\u00f3n de un seguro de decesos.<\/p>\r\n<h3>P\u00e1ginas relacionadas<\/h3><div class=\"enlazado\"><ul> <li><a href=\"https:\/\/idecesos.com\/seguros\/companias\/santa-lucia\/accidentes\/\">Santa Lucia accidentes<\/a><\/li> <li><a href=\"https:\/\/idecesos.com\/seguros\/companias\/santa-lucia\/coberturas\/\">Santa Lucia coberturas<\/a><\/li> <li><a href=\"https:\/\/idecesos.com\/seguros\/companias\/santa-lucia\/dentista\/\">Seguro Dental Santa Luc\u00eda<\/a><\/li> <li><a href=\"https:\/\/idecesos.com\/seguros\/companias\/santa-lucia\/hacienda\/\">Santa Lucia Hacienda<\/a><\/li> <li><a href=\"https:\/\/idecesos.com\/seguros\/companias\/santa-lucia\/opiniones\/\">Opiniones Santa Lucia<\/a><\/li> <li><a href=\"https:\/\/idecesos.com\/seguros\/companias\/santa-lucia\/precio\/\">Precio seguro Santa Lucia<\/a><\/li> <li><a href=\"https:\/\/idecesos.com\/seguros\/companias\/santa-lucia\/prima-mixta\/\">Santa Lucia Prima Mixta<\/a><\/li> <li><a href=\"https:\/\/idecesos.com\/seguros\/companias\/santa-lucia\/prima-natural\/\">Santa Lucia Prima Natural<\/a><\/li> <li><a href=\"https:\/\/idecesos.com\/seguros\/companias\/santa-lucia\/prima-nivelada\/\">Santa Lucia Prima Nivelada<\/a><\/li> <li><a href=\"https:\/\/idecesos.com\/seguros\/companias\/santa-lucia\/prima-unica\/\">Santa Lucia Prima \u00danica<\/a><\/li> <li><a href=\"https:\/\/idecesos.com\/seguros\/companias\/santa-lucia\/repatriacion\/\">Santa Lucia Repatriaci\u00f3n<\/a><\/li> <li><a href=\"https:\/\/idecesos.com\/seguros\/companias\/santa-lucia\/telefono\/\">Tel\u00e9fono Gratuito Santa Lucia<\/a><\/li> <li><a href=\"https:\/\/idecesos.com\/seguros\/companias\/santa-lucia\/ventajas\/\">Ventajas Santa Lucia <\/a><\/li>                                                                                                                                                                                                                                                                                                                                                                                                                                                                                                                                                                                                                                                                                                                                                                                                                                                                                                                                                                                                                                                                                                                                                                                                                                                                                                                                                                                                                                                                                                                                                                                                                                                                                                                                                                                                                                                                                                                                                                                                                                                                                                                                                                                                                                                                                                                                                                                                                                                                                                                                                                                                                                                                                                                                                                                                                                                                                                                                                                                                                                                                                                                         <\/ul><\/div>","protected":false},"excerpt":{"rendered":"<p>Los seguros de decesos incluyen coberturas relacionadas con las gestiones, tr\u00e1mites administrativos, pago de tributos, y situaciones producidas por el fallecimiento de una persona. Principalmente, estos seguros incluyen el cargo como el servicio funerario o la gesti\u00f3n y tramitaci\u00f3n de documentos por parte de un profesional, que son las prestaciones b\u00e1sicas que incluye un seguro&hellip; <\/p>\n","protected":false},"author":2,"featured_media":0,"parent":801,"menu_order":0,"comment_status":"closed","ping_status":"closed","template":"single.php","meta":{"footnotes":""},"class_list":["post-822","page","type-page","status-publish","hentry"],"yoast_head":"<!-- This site is optimized with the Yoast SEO plugin v27.5 - https:\/\/yoast.com\/product\/yoast-seo-wordpress\/ -->\n<title>Seguro de Decesos Santa Lucia: Hacienda -<\/title>\n<meta name=\"robots\" content=\"index, follow, max-snippet:-1, max-image-preview:large, max-video-preview:-1\" \/>\n<link rel=\"canonical\" href=\"https:\/\/idecesos.com\/seguros\/companias\/santa-lucia\/hacienda\/\" \/>\n<meta property=\"og:locale\" content=\"es_ES\" \/>\n<meta property=\"og:type\" content=\"article\" \/>\n<meta property=\"og:title\" content=\"Seguro de Decesos Santa Lucia: Hacienda -\" \/>\n<meta property=\"og:description\" content=\"Los seguros de decesos incluyen coberturas relacionadas con las gestiones, tr\u00e1mites administrativos, pago de tributos, y situaciones producidas por el fallecimiento de una persona. Principalmente, estos seguros incluyen el cargo como el servicio funerario o la gesti\u00f3n y tramitaci\u00f3n de documentos por parte de un profesional, que son las prestaciones b\u00e1sicas que incluye un seguro&hellip;\" \/>\n<meta property=\"og:url\" content=\"https:\/\/idecesos.com\/seguros\/companias\/santa-lucia\/hacienda\/\" \/>\n<meta property=\"article:modified_time\" content=\"2022-01-03T12:31:46+00:00\" \/>\n<meta name=\"twitter:card\" content=\"summary_large_image\" \/>\n<meta name=\"twitter:label1\" content=\"Tiempo de lectura\" \/>\n\t<meta name=\"twitter:data1\" content=\"3 minutos\" \/>\n<script type=\"application\/ld+json\" class=\"yoast-schema-graph\">{\"@context\":\"https:\\\/\\\/schema.org\",\"@graph\":[{\"@type\":\"WebPage\",\"@id\":\"https:\\\/\\\/idecesos.com\\\/seguros\\\/companias\\\/santa-lucia\\\/hacienda\\\/\",\"url\":\"https:\\\/\\\/idecesos.com\\\/seguros\\\/companias\\\/santa-lucia\\\/hacienda\\\/\",\"name\":\"Seguro de Decesos Santa Lucia: Hacienda -\",\"isPartOf\":{\"@id\":\"https:\\\/\\\/idecesos.com\\\/seguros\\\/#website\"},\"datePublished\":\"2021-07-13T11:48:14+00:00\",\"dateModified\":\"2022-01-03T12:31:46+00:00\",\"breadcrumb\":{\"@id\":\"https:\\\/\\\/idecesos.com\\\/seguros\\\/companias\\\/santa-lucia\\\/hacienda\\\/#breadcrumb\"},\"inLanguage\":\"es\",\"potentialAction\":[{\"@type\":\"ReadAction\",\"target\":[\"https:\\\/\\\/idecesos.com\\\/seguros\\\/companias\\\/santa-lucia\\\/hacienda\\\/\"]}]},{\"@type\":\"BreadcrumbList\",\"@id\":\"https:\\\/\\\/idecesos.com\\\/seguros\\\/companias\\\/santa-lucia\\\/hacienda\\\/#breadcrumb\",\"itemListElement\":[{\"@type\":\"ListItem\",\"position\":1,\"name\":\"Portada\",\"item\":\"https:\\\/\\\/idecesos.com\\\/seguros\\\/\"},{\"@type\":\"ListItem\",\"position\":2,\"name\":\"Compa\u00f1\u00edas de Seguros de Decesos en Espa\u00f1a\",\"item\":\"https:\\\/\\\/idecesos.com\\\/seguros\\\/companias\\\/\"},{\"@type\":\"ListItem\",\"position\":3,\"name\":\"Seguro de Decesos Santa Luc\u00eda\",\"item\":\"https:\\\/\\\/idecesos.com\\\/seguros\\\/companias\\\/santa-lucia\\\/\"},{\"@type\":\"ListItem\",\"position\":4,\"name\":\"Seguro de Decesos Santa Lucia: Hacienda\"}]},{\"@type\":\"WebSite\",\"@id\":\"https:\\\/\\\/idecesos.com\\\/seguros\\\/#website\",\"url\":\"https:\\\/\\\/idecesos.com\\\/seguros\\\/\",\"name\":\"\",\"description\":\"\",\"potentialAction\":[{\"@type\":\"SearchAction\",\"target\":{\"@type\":\"EntryPoint\",\"urlTemplate\":\"https:\\\/\\\/idecesos.com\\\/seguros\\\/?s={search_term_string}\"},\"query-input\":{\"@type\":\"PropertyValueSpecification\",\"valueRequired\":true,\"valueName\":\"search_term_string\"}}],\"inLanguage\":\"es\"}]}<\/script>\n<!-- \/ Yoast SEO plugin. -->","yoast_head_json":{"title":"Seguro de Decesos Santa Lucia: Hacienda -","robots":{"index":"index","follow":"follow","max-snippet":"max-snippet:-1","max-image-preview":"max-image-preview:large","max-video-preview":"max-video-preview:-1"},"canonical":"https:\/\/idecesos.com\/seguros\/companias\/santa-lucia\/hacienda\/","og_locale":"es_ES","og_type":"article","og_title":"Seguro de Decesos Santa Lucia: Hacienda -","og_description":"Los seguros de decesos incluyen coberturas relacionadas con las gestiones, tr\u00e1mites administrativos, pago de tributos, y situaciones producidas por el fallecimiento de una persona. Principalmente, estos seguros incluyen el cargo como el servicio funerario o la gesti\u00f3n y tramitaci\u00f3n de documentos por parte de un profesional, que son las prestaciones b\u00e1sicas que incluye un seguro&hellip;","og_url":"https:\/\/idecesos.com\/seguros\/companias\/santa-lucia\/hacienda\/","article_modified_time":"2022-01-03T12:31:46+00:00","twitter_card":"summary_large_image","twitter_misc":{"Tiempo de lectura":"3 minutos"},"schema":{"@context":"https:\/\/schema.org","@graph":[{"@type":"WebPage","@id":"https:\/\/idecesos.com\/seguros\/companias\/santa-lucia\/hacienda\/","url":"https:\/\/idecesos.com\/seguros\/companias\/santa-lucia\/hacienda\/","name":"Seguro de Decesos Santa Lucia: Hacienda -","isPartOf":{"@id":"https:\/\/idecesos.com\/seguros\/#website"},"datePublished":"2021-07-13T11:48:14+00:00","dateModified":"2022-01-03T12:31:46+00:00","breadcrumb":{"@id":"https:\/\/idecesos.com\/seguros\/companias\/santa-lucia\/hacienda\/#breadcrumb"},"inLanguage":"es","potentialAction":[{"@type":"ReadAction","target":["https:\/\/idecesos.com\/seguros\/companias\/santa-lucia\/hacienda\/"]}]},{"@type":"BreadcrumbList","@id":"https:\/\/idecesos.com\/seguros\/companias\/santa-lucia\/hacienda\/#breadcrumb","itemListElement":[{"@type":"ListItem","position":1,"name":"Portada","item":"https:\/\/idecesos.com\/seguros\/"},{"@type":"ListItem","position":2,"name":"Compa\u00f1\u00edas de Seguros de Decesos en Espa\u00f1a","item":"https:\/\/idecesos.com\/seguros\/companias\/"},{"@type":"ListItem","position":3,"name":"Seguro de Decesos Santa Luc\u00eda","item":"https:\/\/idecesos.com\/seguros\/companias\/santa-lucia\/"},{"@type":"ListItem","position":4,"name":"Seguro de Decesos Santa Lucia: Hacienda"}]},{"@type":"WebSite","@id":"https:\/\/idecesos.com\/seguros\/#website","url":"https:\/\/idecesos.com\/seguros\/","name":"","description":"","potentialAction":[{"@type":"SearchAction","target":{"@type":"EntryPoint","urlTemplate":"https:\/\/idecesos.com\/seguros\/?s={search_term_string}"},"query-input":{"@type":"PropertyValueSpecification","valueRequired":true,"valueName":"search_term_string"}}],"inLanguage":"es"}]}},"_links":{"self":[{"href":"https:\/\/idecesos.com\/seguros\/wp-json\/wp\/v2\/pages\/822","targetHints":{"allow":["GET"]}}],"collection":[{"href":"https:\/\/idecesos.com\/seguros\/wp-json\/wp\/v2\/pages"}],"about":[{"href":"https:\/\/idecesos.com\/seguros\/wp-json\/wp\/v2\/types\/page"}],"author":[{"embeddable":true,"href":"https:\/\/idecesos.com\/seguros\/wp-json\/wp\/v2\/users\/2"}],"replies":[{"embeddable":true,"href":"https:\/\/idecesos.com\/seguros\/wp-json\/wp\/v2\/comments?post=822"}],"version-history":[{"count":4,"href":"https:\/\/idecesos.com\/seguros\/wp-json\/wp\/v2\/pages\/822\/revisions"}],"predecessor-version":[{"id":7199,"href":"https:\/\/idecesos.com\/seguros\/wp-json\/wp\/v2\/pages\/822\/revisions\/7199"}],"up":[{"embeddable":true,"href":"https:\/\/idecesos.com\/seguros\/wp-json\/wp\/v2\/pages\/801"}],"wp:attachment":[{"href":"https:\/\/idecesos.com\/seguros\/wp-json\/wp\/v2\/media?parent=822"}],"curies":[{"name":"wp","href":"https:\/\/api.w.org\/{rel}","templated":true}]}}